 + -142022?
-145823
In base 6, what is -31 + -2204240?
-2204311
In base 11, what is 5a7 + 5658?
6154
In base 7, what is -12 + -2212232?
-2212244
In base 13, what is 24 - -28403?
28427
In base 14, what is a0 - -1da634?
1da6d4
In base 3, what is 1012121 - 2122112110?
-2121022212
In base 9, what is 22 - -51510205?
51510227
In base 8, what is 5 + 505560601?
505560606
In base 13, what is 1ab9c8 + 9?
1aba04
In base 7, what is -50400 + 51366?
666
In base 2, what is 1001111110010111111110011 + -1001?
1001111110010111111101010
In base 2, what is 11100001010 + 1011001011001000001?
1011001110101001011
In base 12, what is 32a839 + 3?
32a840
In base 2, what is 11 - -11001001101001001000?
11001001101001001011
In base 6, what is 0 - -240122120?
240122120
In base 3, what is 1 - 12101102102011?
-12101102102010
In base 16, what is -1449 - 6fe9?
-8432
In base 11, what is 409124 - 69?
409066
In base 2, what is -10 - -1010010010011110011011010001?
1010010010011110011011001111
In base 8, what is -122112645 + -17?
-122112664
In base 6, what is 14 - -250042521?
250042535
In base 11, what is 16a341 + -5?
16a337
In base 10, what is 153 + -68523?
-68370
In base 14, what is -cb550 - -55?
-cb4d9
In base 9, what is 0 + -56651677?
-56651677
In base 11, what is -2 + 1008961?
100895a
In base 6, what is 15032111111 - -4?
15032111115
In base 12, what is 32a7 + -3302?
-17
In base 12, what is -49717 + 44?
-49693
In base 11, what is 82558 + 995?
83442
In base 16, what is -d6 - -40ec9b?
40ebc5
In base 12, what is -2a - 4623b1?
-46241b
In base 5, what is -2000441 + -123001?
-2123442
In base 4, what is -11 - -13122201032102?
13122201032031
In base 2, what is 10 + 10011001101011000100101001?
10011001101011000100101011
In base 6, what is -2342013320 + 3?
-2342013313
In base 13, what is -33 + 3214a6?
321473
In base 12, what is -1230b17 - 0?
-1230b17
In base 7, what is 234261 + 453?
235044
In base 15, what is 239 + -440?
-206
In base 11, what is 11a2388 - -5?
11a2392
In base 8, what is 3044061313 + -1?
3044061312
In base 12, what is 3 + 3759a65?
3759a68
In base 12, what is a06790 - -8?
a06798
In base 13, what is c6ca22 - -5?
c6ca27
In base 2, what is 10101011011001000110 + 1000?
10101011011001001110
In base 6, what is 14135 + -5441000?
-5422421
In base 16, what is -24d7 + -178?
-264f
In base 7, what is 11 + 343042635?
343042646
In base 10, what is -1000658 + -9?
-1000667
In base 10, what is 762 - 1012?
-250
In base 7, what is 16100 + -344403?
-325303
In base 10, what is -1981 + -954?
-2935
In base 6, what is 42 - -105155254?
105155340
In base 10, what is -137 - -100728?
100591
In base 10, what is 797 + 356784?
357581
In base 7, what is 2 - -1031545666?
1031546001
In base 13, what is -3b313 + -3a8?
-3b6bb
In base 4, what is -210211010032310 - 2?
-210211010032312
In base 2, what is -100010111011101001 + -1011100?
-100010111101000101
In base 11, what is 2185a + -31731?
-a982
In base 9, what is -5216860 - 1?
-5216861
In base 7, what is -2 + 112352221?
112352216
In base 13, what is 2 - -1ac5b2?
1ac5b4
In base 15, what is b79d65bd + -3?
b79d65ba
In base 3, what is 101201112000112000 - -1?
101201112000112001
In base 15, what is -d3 - -25d65?
25c82
In base 2, what is -100 + -1001001001010100010?
-1001001001010100110
In base 16, what is 16b64 + -23?
16b41
In base 14, what is 26 + -43484?
-4345c
In base 2, what is 1110010001000101100010001 - 10011?
1110010001000101011111110
In base 10, what is 318562 + 35?
318597
In base 7, what is 13 - -1213410?
1213423
In base 3, what is 21212000122221212022 - -12?
21212000122221212111
In base 8, what is 1212051 + -55?
1211774
In base 5, what is -2222203203132 + 3?
-2222203203124
In base 16, what is -5 - -50cc29b?
50cc296
In base 7, what is 113 + 41211312?
41211425
In base 14, what is -7da340 - -d?
-7da331
In base 4, what is -10 - -10310203322223?
10310203322213
In base 7, what is -11 - 12436531?
-12436542
In base 6, what is 0 - -25221004541?
25221004541
In base 7, what is 22 - 125233424?
-125233402
In base 2, what is -101 + -100001101110010001101?
-100001101110010010010
In base 12, what is -2 + 6398511?
639850b
In base 5, what is 33220 - 33340?
-120
In base 14, what is -b80c008 + 7?
-b80c001
In base 16, what is 3e6578c + 5?
3e65791
In base 10, what is -399711 - 322?
-400033
In base 12, what is 102b584 + b?
102b593
In base 10, what is 14955364 - 16?
14955348
In base 9, what is 5604 + -123?
5471
In base 4, what is 120202313211 + -202?
120202313003
In base 9, what is 7301 + -160?
7131
In base 8, what is 405233520 + -5?
405233513
In base 14, what is -88 - -b2d94b?
b2d8a3
In base 8, what is -766 - -331202?
330214
In base 4, what is 122131 - -1013202?
1201333
In base 6, what is 132 - -1044355?
1044531
In base 14, what is 5dd - b598?
-ad99
In base 15, what is -5 - -9b8000?
9b7eea
In base 6, what is 42545 + 13512?
100501
In base 10, what is 10670410 - -2?
10670412
In base 13, what is 28 + -124126?
-1240cb
In base 2, what is 111110000110011001 + -101101?
111110000101101100
In base 9, what is -638 + 57228?
56480
In base 9, what is 31885760 + 38?
31885808
In base 10, what is -11570 - -2698?
-8872
In base 11, what is -21644 + -125?
-21769
In base 4, what is 130 + -12013301?
-12013111
In base 16, what is -66c5 - -1ab2?
-4c13
In base 5, what is -4244410 - 214?
-4300124
In base 2, what is 1011001111111011 + 100001100?
1011010100000111
In base 16, what is a + b1778?
b1782
In base 5, what is -1411423423424 + 1?
-1411423423423
In base 16, what is d8819c04 - -4?
d8819c08
In base 14, what is d3db14 - 3?
d3db11
In base 13, what is -18 + 274b733?
274b718
In base 9, what is 55004451 + 1?
55004452
In base 5, what is 3 + -24044443022?
-24044443014
In base 11, what is -184 - -39631?
39458
In base 14, what is -124c8 - 2d?
-12517
In base 5, what is 1143102113343 - -2?
1143102113400
In base 16, what is 630 - 11905?
-112d5
In base 13, what is -b - 2a4227?
-2a4235
In base 3, what is 10020222020111100 - 12?
10020222020111011
In base 10, what is -71653 - 196?
-71849
In base 12, what is 42860 - -1114?
43974
In base 10, what is -5934006 + 4?
-5934002
In base 9, what is 1 + -58228713?
-58228712
In base 15, what is 17 + -1b3c5?
-1b3ad
In base 15, what is 2b49 + 930e?
be58
In base 4, what is 220102011 + 22301?
220130312
In base 8, what is 154 - 36013?
-35637
In base 6, what is -12220102 + 54?
-12220004
In base 6, what is 223331 + -1110?
222221
In base 8, what is 130 - 73557?
-73427
In base 6, what is -135205240 - -45?
-135205151
In base 16, what is 175705 - -6?
17570b
In base 10, what is 11 - 43631410?
-43631399
In base 3, what is 11 - 200220020002?
-200220012221
In base 9, what is 577 - -4177118?
4177706
In base 2, what is -1001111010111100100 + 10100000?
-1001111010101000100
In base 4, what is -13103212200 + 203?
-13103211331
In base 7, what is -15323 + 156115?
140462
In base 15, what is 10779 - -17e?
10908
In base 4, what is -3 + 10101011131333?
10101011131330
In base 8, what is 716135 + 224?
716361
In base 16, what is -35cf0a2 - -1?
-35cf0a1
In base 3, what is 220101211201 - 1121?
220101210010
In base 13, what is 64b + 15268?
158b6
In base 4, what is -213323332 - -10?
-213323322
In base 4, what is -21231322201 + 303?
-21231321232
In base 12, what is -100740a - b?
-1007419
In base 14, what is -1 + -416dad6?
-416dad7
In base 5, what is 421443043 - 222?
421442321
In base 12, what is 126a0a + -1706?
125304
In base 3, what is 102001012102102020 + 12?
102001012102102102
In base 5, what is -21234433430 - 120?
-21234434100
In base 9, what is 1522560310 - -1?
1522560311
In base 4, what is -30002 - -203022?
113020
In base 14, what is -81664 + -c4?
-81748
In base 13, what is -4 - -91085a?
910856
In base 15, what is 327276e - 5?
3272769
In base 2, what is 0 + -1101001101110111011010?
-1101001101110111011010
In base 9, what is -23 + 12243054?
12243031
In base 2, what is 100111110111111101 - 100?
100111110111111001
In base 9, what is 12477 + 152744?
165332
In base 10, what is 161 - -1469194?
1469355
In base 12, what is 19b989 + -1?
19b988
In base 12, what is ab0738b - b?
ab07380
In base 10, what is 8 - 151469435?
-151469427
In base 8, what is -256335 + 266?
-256047
In base 14, what is c8317 + -7?
c8310
In base 16, what is 103daf + -3d?
103d72
In base 6, what is 403 - -402514?
403321
In base 4, what is -